test common factor of w and d?
9
Let k(i) = -2*i - 19. Let n be k(-14). Calculate the highest common factor of n and 6.
3
Suppose 2 - 1 = m. Let z be 10/(2/4*m). Calculate the highest common divisor of 40 and z.
20
Let t = -33 - -220. Let c(y) = -3*y + 5. Let x be c(-4). What is the highest common divisor of t and x?
17
Suppose 5*i = 6*i - 13. Calculate the greatest common factor of 13 and i.
13
Suppose -4*d - 16 = -3*r, r = -2*r - d - 4. Let p be 6 - (r + 1) - 0. What is the highest common divisor of p and 40?
5
Let t be (4 - -1)*(-4)/(-20). Calculate the greatest common factor of t and 4.
1
Let g(l) = l**2 + 6*l + 5. Let s be g(-8). Let q = -5 + 10. Let d(a) = 6*a**2 + 5*a - 7. Let o be d(q). What is the highest common divisor of o and s?
21
Let n = -57 + 113. Let v = -38 + 58. Let y = n - v. What is the greatest common factor of 4 and y?
4
Let y = 60 + -39. Calculate the highest common factor of y and 42.
21
Let n(c) = 2*c**2 + 2*c - 7. Let k be (-20)/(-8)*28/10. Let w be n(k). Calculate the greatest common divisor of 42 and w.
21
Let q = -11 + 20. What is the highest common divisor of q and 45?
9
Let b be ((-2)/(-6))/((-2)/(-138)). Let k = 13 - 29. Let i be b/4 + (-4)/k. What is the highest common divisor of i and 6?
6
Let n = -19 - -36. What is the greatest common divisor of 187 and n?
17
Let b = -10 + 18. Let s(x) be the second derivative of -x**4/12 + 2*x**3 - 11*x**2/2 + 2*x. Let g be s(b). What is the greatest common divisor of g and 7?
7
Let o be (-27)/(-45) - 497/(-5). Suppose 0*t = -2*t + 80. What is the highest common factor of t and o?
20
Let s be (525/(-12))/7*(-1 + -3). What is the highest common factor of 25 and s?
25
Let y(l) = 0*l**2 + 2*l**2 - l**2 - 1 + 8 - 8*l. Let x be y(8). What is the greatest common divisor of 1 and x?
1
Suppose 60 = 4*c - 64. Let i = 54 - c. Let g = -14 + i. Calculate the highest common divisor of g and 6.
3
Let c(q) = -11*q - 19. Let y be c(-3). Let a be (-2)/7 + 298/14. What is the highest common factor of a and y?
7
Let r(p) = -p + 3. Let m be r(-7). Let i = -10 - -15. Let j(s) = 5*s. Let g be j(i). What is the greatest common divisor of m and g?
5
Let d = 18 - -2. Suppose -d = 4*m - 184. Let i = -13 + m. What is the greatest common divisor of i and 14?
14
Let n(x) = 6*x**3 - 2*x**2 - 4. Let p be n(2). What is the greatest common divisor of 48 and p?
12
Suppose -3*s + 0*s = 0. Suppose -5*a - 15 = 0, s*a = 2*c + 3*a - 21. Suppose 3*z - 50 = -2*z. What is the highest common factor of z and c?
5
Let a be (6/(-4))/((-1)/2). Suppose 5*u - a*u = -22. Let k = u + 18. Calculate the greatest common divisor of 1 and k.
1
Suppose -2*h + 0*h + 4 = 0. Let n be 40/(-8)*(-14)/h. Calculate the highest common divisor of 14 and n.
7
Let g(v) = -v**3 + 10*v**2 + 14*v - 14. Let t be g(11). Suppose 4*h = -3*q + 411, 5*q = h + 586 + 76. What is the greatest common factor of q and t?
19
Suppose -4*c = -5*c + 22. Suppose -o + 48 = 15. What is the highest common factor of o and c?
11
Suppose q + 8 = -q - 2*i, -3*q - 4*i - 15 = 0. Let k be q - ((-3 - 10) + -1). Calculate the greatest common divisor of k and 104.
13
Let h = 66 - 29. Calculate the highest common divisor of h and 407.
37
Let d = 82 - 47. Calculate the highest common divisor of d and 5.
5
Suppose -9*p - 12 = -13*p. Calculate the greatest common divisor of p and 42.
3
Suppose 8*b - 2 = 7*b. Suppose b*k + 0*k - 72 = 0. Let l be (4 - (1 + 0))*4. Calculate the greatest common factor of k and l.
12
Let i(r) = r**2 + 33. Let z be i(0). Suppose -z = -3*d - 4*c, -3*c - 29 - 15 = -4*d. Let w = -7 + d. What is the highest common divisor of w and 10?
2
Let o = 37 + -89. Let j be 8*(1 + -15 + 0). Let a = o - j. Calculate the greatest common factor of 24 and a.
12
Let a(t) = -8*t**2 - 1. Let l be a(-1). Let k be (-16)/(-6)*l/(-3). Calculate the greatest common factor of 8 and k.
8
Let k = -6 + 12. Calculate the highest common divisor of 54 and k.
6
Let j(l) = 20*l + 5. Let f be j(1). What is the highest common divisor of f and 10?
5
Let r be (6/(-3) + -1)*-4. Let f be 23/2 + 18/r. What is the greatest common divisor of 39 and f?
13
Let c(w) = -w**3 - 2*w**2 - 4*w - 6. Let y be c(-3). What is the highest common divisor of y and 105?
15
Suppose 0 = -5*a + 3*a + 342. Suppose -5*w - a = -4*b, 5*b + 4*w - 220 = 4. What is the highest common factor of b and 66?
22
Suppose -3*j + 0*j + 8 = 2*x, -4*x - 3*j = -22. What is the highest common divisor of x and 63?
7
Let w be (2/(-4) + 0)*2. Let q be 107/4 - w/4. Suppose -5*o + 7 = -4*f, -3*f = -o + f - 5. Calculate the highest common divisor of q and o.
3
Let g(p) = 78*p**2 - 4. Let o be g(-2). What is the greatest common divisor of 28 and o?
28
Let g = 189 - 135. Suppose -4*x - 6 = z - 28, 3*x - 4*z - 26 = 0. Calculate the greatest common factor of x and g.
6
Suppose -2*l - 38 = -w - 3*w, -20 = -2*w + 2*l. Let h be (-1 - 0)*34/(-2). Suppose -u + 80 = h. Calculate the greatest common divisor of u and w.
9
Suppose -3*r - 33 + 120 = 0. Let t = 50 - r. What is the highest common factor of 168 and t?
21
Let g(t) = 7*t**2 + 2*t + 2. Let i be g(-2). Calculate the greatest common divisor of 78 and i.
26
Let p be (28/(-2))/(4/(-6)). Let a = -56 - -203. What is the highest common factor of p and a?
21
Suppose -85 = -5*j - c, 0 = -0*c + 2*c + 10. Suppose 4*v + 98 = 5*r, -2*r - 3*v - v = -28. What is the highest common divisor of r and j?
18
Let s(y) = -12*y - 6. Let f be s(-5). Calculate the greatest common factor of 6 and f.
6
Let x(k) = -2*k - 4. Let m be x(-5). What is the highest common factor of 12 and m?
6
Suppose y - 4*i - 9 = 0, -3*y + 2*i + 71 = -6. Calculate the highest common divisor of y and 261.
29
Let t(d) = 17*d**2 - 2*d - 1. Let x be t(2). What is the highest common divisor of x and 42?
21
Suppose -4*d - d - 2*x + 504 = 0, 2*d - x - 198 = 0. Let q(i) = i**2 - 11*i + 8. Let n be q(12). Calculate the highest common factor of d and n.
20
Suppose 4*u + r - 2 - 14 = 0, 4*u - 5*r = 16. Suppose 400 = -u*v + 9*v. What is the greatest common divisor of 10 and v?
10
Let f be 5/((-5)/2) - -29. Let n = f + -10. What is the greatest common factor of n and 17?
17
Let h be 2 + (-3 - 0) + 25. Let z be (36/(-21))/(0 - 3/378). What is the highest common factor of h and z?
24
Let z(n) be the third derivative of -n**4/12 - n**3/6 + n**2. Let y be z(-5). Suppose 18 = 2*v + v. Calculate the highest common factor of y and v.
3
Let w = -17 + 41. What is the greatest common factor of w and 60?
12
Suppose 0 = 23*g - 20*g - 936. What is the highest common factor of g and 39?
39
Let n(a) = 55*a**2 + 1. Let d be n(1). Calculate the greatest common factor of 7 and d.
7
Let y be 5/(-30)*-1*30. What is the highest common factor of y and 1?
1
Let u = 10 + -4. Let k be ((-24)/(-54))/(4/18). What is the highest common divisor of k and u?
2
Suppose 4 + 0 = m. Suppose 0 = -3*c + 5*v + 29, -v = -m*c + 3*v + 28. Suppose -c*u - z + 46 = z, 5*z = 5*u - 60. What is the highest common factor of 2 and u?
2
Let x = -5 + 16. Suppose 4*s + w - 266 = 0, 5*w + 14 + 42 = s. What is the highest common factor of s and x?
11
Suppose 0 = -5*o - 2*d + 235, 57 = -3*o + 3*d + 177. Calculate the greatest common divisor of o and 18.
9
Suppose 5 = 4*y - 75. What is the greatest common divisor of 30 and y?
10
Let n(o) = o**3 + 8*o**2 + 8*o + 6. Let w be n(-7). Let m be -7 + 5 + (-13)/w. What is the greatest common factor of 55 and m?
11
Let b be 0 + (0 - (-5 + 3)). Suppose -3*o + 18 = -3*k - b*k, 3*k + 24 = 4*o. Let t be -6*1/3*-1. What is the highest common divisor of t and o?
2
Suppose -2*p - 2 - 196 = -4*a, -3*a + 2*p = -146. Let z = a - -2. What is the greatest common divisor of z and 18?
18
Let t(d) = d + 1. Let g be t(3). Let a be (-8)/g + 2/2. Let u be -1 - (a - (3 - 2)). Calculate the highest common factor of 2 and u.
1
Let o = 1 - 2. Let t be 222 + 1 + o + 0. Suppose 5*a - 3*h = 378, h - t = -4*a + 77. What is the highest common divisor of a and 30?
15
Suppose 2 = w, -5*w + 10 = -3*u + 4*u. Suppose -5*h = u, -5*h + 0*h = 2*q - 128. What is the highest common divisor of 8 and q?
8
Suppose 5*b + q - 72 = -3*q, 2*b = -4*q + 36. Suppose 0*g = -5*j + g + 541, -4*j = 2*g - 430. Calculate the highest common factor of j and b.
12
Let z be (-9 - -10)*(-1 + 8). What is the greatest co